?
17
Let u(a) = a**2 + 11*a + 7. Let m be u(-9). Let g = 2 - m. List the prime factors of g.
13
List the prime factors of -6*(9 + -48)*17.
2, 3, 13, 17
Suppose -33*f + 52488 = 21*f. List the prime factors of f.
2, 3
Suppose -2*n - 46 = -2*m, -99 = 2*n + 2*n + 3*m. List the prime factors of (n/32)/(2/(-536)).
3, 67
Let u(t) = 2*t - 13. Let s be u(10). Suppose 63 = 8*z - s*z. What are the prime factors of z?
3, 7
Suppose 4*l = -2*h - 42, -l + h = 2*h + 9. Let t be (-4)/(-6)*l/(-4). Suppose t*d + 2*d = 40. List the prime factors of d.
2, 5
Let b be (-1 + 2)*-1 - 16. Let r(t) = 11*t**2 + 2*t. Let u be r(-2). Let i = u + b. What are the prime factors of i?
23
Let d = -174 + 119. Let b = 291 + d. What are the prime factors of b?
2, 59
Suppose -2*f = -3*u - 1006, 0*u - 2018 = -4*f + 3*u. List the prime factors of f.
2, 11, 23
Let c(b) = 29*b**2 - 16*b + 1. Let k be c(-5). What are the prime factors of (-56)/(-84) + k/6 + 0?
3, 5
Suppose -3*o = -d - 14, o + 5*d = 5*o - 15. Suppose -8 = -o*y + 2*r + 15, 2*y + 10 = -4*r. Let v = y + 1. What are the prime factors of v?
2
Suppose v + 3*v - 304 = 0. Let t be (22/66)/(3/(-342)). Let l = v + t. List the prime factors of l.
2, 19
Suppose -7*p - 1169 = -28. Let t = 272 + p. What are the prime factors of t?
109
Let s = -8 + 18. Suppose s = -2*b, -b = -o + b + 13. Suppose o*x = 6, q - 3*x - 3 = -0. What are the prime factors of q?
3
Suppose -p + 102 + 30 = 0. Let l = p + -93. What are the prime factors of l?
3, 13
Suppose 4*f - 20 = -3*l - 0*l, 5*f = -l + 14. Suppose 5*t + f*i - 183 = 0, 4 - 31 = -t + 2*i. What are the prime factors of t?
5, 7
Suppose -5*z = -1 - 74. Suppose z = 3*k + 3. Suppose k*f - 64 - 232 = 0. What are the prime factors of f?
2, 37
Suppose -2*d + 8 = 2*l, 5*d + 3*l = -l + 16. Suppose d*h = 3*h - 33. Let j = -1 + h. List the prime factors of j.
2, 5
Let q(y) be the second derivative of -17*y**3/3 + 5*y**2/2 - 4*y. What are the prime factors of q(-3)?
107
Suppose -2*h = 3*a - 8, a + 6 = -7*h + 2*h. Let x be 58 + (2 - a)*1. Suppose -15*z - x = -17*z. List the prime factors of z.
2, 7
Let g = 0 - 17. Let k = g - -16. What are the prime factors of k*-4*(-17)/(-2)?
2, 17
Let k(l) = -2*l**3 + 1 - 3*l**3 + 3*l**3 + 0 + 2*l**2 + 2*l. Let z be k(-1). Suppose -z*w + 62 + 31 = 0. What are the prime factors of w?
31
Let n(y) = 111*y**2 - 21*y + 37. What are the prime factors of n(2)?
439
Suppose 0 = h + 5*v - 264 - 567, 2*h - 1647 = -5*v. What are the prime factors of h?
2, 3, 17
Let v be (-12)/8 - 6/(-4). Suppose q - 1 = -v*q. List the prime factors of 1/q - (-13 - -12).
2
Let i = 2574 + -1413. List the prime factors of i.
3, 43
Let o be 57*6 + (-4 - -1). Suppose o = 3*d - 3*b, -5*d + 788 - 208 = -2*b. What are the prime factors of d?
2, 59
Let b be (-3 - 0)*60/(-9). Suppose 6*v = v + b. Suppose 0 = -2*q - a + 51, -4*q + 31 + 73 = v*a. List the prime factors of q.
5
List the prime factors of (-576)/(-5) + -3*8/120.
5, 23
Let c = -90 + 103. Suppose c*b - 1356 = 139. List the prime factors of b.
5, 23
Suppose 0 = -4*v - 3*v + 56. Let o(x) = x**3 - 8*x**2 + 2. Let d be o(v). Suppose -d*h - 10 = -4*h. What are the prime factors of h?
5
Suppose 157*k - 14796 = 151*k. What are the prime factors of k?
2, 3, 137
Let b(a) = -41*a**3 - 18*a - 84. What are the prime factors of b(-4)?
2, 653
Suppose -182 = 2*o + 2*j, -3*j - 210 = 2*o - 8*j. Let c be (-2)/7 + (-474)/7. Let a = c - o. List the prime factors of a.
3
Let q = -22 + 57. Suppose -q*v = -30*v - 495. What are the prime factors of v?
3, 11
Let d be 5*1 - (34 + -34). Suppose -4*o = 0, d*c = 2*o + 548 + 372. What are the prime factors of c?
2, 23
Let p(c) = -c**3 + 7*c**2 + c - 7. Let k be p(7). Suppose -x + 79 - 22 = k. Let q = 97 - x. List the prime factors of q.
2, 5
Suppose -5*r - 5 = 4*x - 0, 0 = r - 3. Let s = 8 + x. Suppose 0 = 2*w + 2*p - 26, w - 6*w - s*p = -61. What are the prime factors of w?
11
Let a = -692 + 1577. What are the prime factors of a?
3, 5, 59
Suppose 2*o - 1424 = -2*o. Suppose 4*z - o = -0*x - 4*x, 0 = 2*x + 4*z - 168. What are the prime factors of x?
2, 47
Suppose 0*s + 5*s = -35. Let n be 7/49 + (-20)/s. Suppose 4*u - 4*r - 136 = -0*u, -n*r = -9. List the prime factors of u.
37
What are the prime factors of 1*(-12)/21 - (-47760)/84?
2, 71
Suppose 2*h - 25 = -u, 0 = 3*u + h - 30 - 20. Suppose 5*w - u = 5. List the prime factors of w.
2
Let w be 80 - 2*(-3 + 36/8). Suppose 64 + w = 3*l. List the prime factors of l.
47
Let q(c) = c**3 + 10*c**2 - 3*c + 1. Suppose -6*k = 2*j - k - 126, -4*k - 348 = -5*j. Let f be j/(-7) + 16/(-56). What are the prime factors of q(f)?
31
Let f(j) = -7*j**2 + 22*j - 28. Let x(l) = l**2 - l + 1. Let a(d) = f(d) + 6*x(d). Let k be a(15). What are the prime factors of 0/(4 - 1) - k?
7
List the prime factors of 23307/15 - ((-56)/(-10))/7.
1553
Suppose 5*y = -f - 47, -f + 12 = -2*y + 2*f. List the prime factors of (-453)/y - (-2)/(-6).
2, 5
Let m = 10 - -58. Suppose 0 = -2*v - d + 134, 2*d + 133 = 3*v - m. What are the prime factors of v?
67
Suppose 27*s + 6*s - 63624 = 0. List the prime factors of s.
2, 241
Let a be (-12)/(-10)*10890/27. Suppose 7*z - 727 - a = 0. List the prime factors of z.
173
Suppose -10*z = -6*z - 32. Suppose -880 = -z*w + 3*w. What are the prime factors of w?
2, 11
Suppose -14*q + 29260 = 21*q. What are the prime factors of q?
2, 11, 19
Suppose 4*n - 32 - 44 = 0. Suppose n = -3*u + 142. Suppose 0 = 5*o - 2*y - u, 3*o + 2*y - 31 = -0*y. What are the prime factors of o?
3
Let v be 1/((15/445)/3). Suppose 3*n - v - 91 = 0. What are the prime factors of n?
2, 3, 5
Suppose -p + 3*h = -257, -4*p + h + 972 = 3*h. What are the prime factors of p?
5, 7
Suppose -3678 = -2*w - 3*z + 4*z, -z + 3682 = 2*w. What are the prime factors of w?
2, 5, 23
Suppose 15*s - 8*s + 126 = 0. Let h = 38 - s. List the prime factors of h.
2, 7
Suppose -22 = -5*b - 2. Let c be (1 + -2)/(b/4). Let q(g) = -35*g**3 + g**2 - 1. List the prime factors of q(c).
5, 7
Suppose 4*m - 987 = 1897. What are the prime factors of m?
7, 103
Suppose -2*p - 3*p + 20 = 0. Suppose -j + 0 = -p. Suppose -3*t + 10 = j. What are the prime factors of t?
2
Let u = -61 + 291. Suppose -8 = 4*q, 2*i + 2*q - u = 3*q. Suppose 3*o + 0*o + 3*y - i = 0, 5*y = 3*o - 122. What are the prime factors of o?
3, 13
Suppose 5*f + 0*f = 10. Suppose 3*x - 5*c = -68, -5*c = -f*x - 2*c - 47. Let m = x + 49. List the prime factors of m.
2, 3
Let p = -376 - -822. What are the prime factors of p?
2, 223
Suppose 2*q + 16 = -x, 4 = q + 3*q. Let o be (-1408)/x + 10/(-45). Suppose -5*c + 0*h + 88 = -h, 4*c = -3*h + o. List the prime factors of c.
2, 3
Let n be ((-24)/10)/((-9)/60). Let v = 16 - n. Suppose v = d - 35 + 2. List the prime factors of d.
3, 11
Let d = 4141 + -2916. List the prime factors of d.
5, 7
Suppose -2*o = -5 + 3. Let g(s) = -8*s**3 - 3*s + 2. Let c be g(o). Let k = 26 + c. What are the prime factors of k?
17
Let g(r) = -8*r**3 + 5*r**2 + 3*r + 3. List the prime factors of g(-3).
3, 5, 17
Let f(s) = 100*s + 54. Let k be f(14). Suppose k = 9*a - 391. What are the prime factors of a?
5, 41
Let b(h) = h**3 - 6*h**2 - 6*h - 5. Suppose -3*t - t + 28 = 0. Let g be b(t). Suppose 4*c = c + 5*v + 124, -3*c + 152 = g*v. What are the prime factors of c?
2, 3
Let v(t) be the second derivative of 0 - 9*t**2 + 2/3*t**3 + 4*t. What are the prime factors of v(9)?
2, 3
Let y = 2904 + -808. What are the prime factors of y?
2, 131
Let z be (12/(-16))/((-3)/8). Let f(m) be the third derivative of 7*m**4/24 - m**3/2 + 2*m**2. What are the prime factors of f(z)?
11
Suppose -2*u + 260 = q - 36, -4*q + 1192 = 4*u. List the prime factors of q.
2, 3, 5
Let t(f) = f**3 + f - 19. Let r be t(0). Let a = r - -7. Let d = a + 24. What are the prime factors of d?
2, 3
Let w = 11199 - 6864. What are the prime factors of w?
3, 5, 17
List the prime factors of 1*(-6)/(-21) - (-4506)/7.
2, 7, 23
Let o be 0 + -1 + 3 + (8 - 28). What are the prime factors of o/(-4)*34 + 2 + 1?
2, 3, 13
Suppose -8 = -2*b - p + 1, 0 = 2*b + 5*p - 13. Suppose b*y + 4 = 6*y. List the prime factors of y.
2
Let t(n) = -20*n**3 + 3*n**2 + 5*n + 2. Let l be t(4). What are the prime factors of l/(-14) + 4/((-28)/3)?
2, 43
Suppose -4*q + 901 + 91 = 0. Let s = 398 - q. Suppose 0*n + k = 4*n - 158, 4*n + 3*k - s 